{"id":79,"date":"2010-11-08T00:18:08","date_gmt":"2010-11-07T23:18:08","guid":{"rendered":"http:\/\/www.pzlg.net\/wordpress\/?page_id=79"},"modified":"2022-02-17T17:42:27","modified_gmt":"2022-02-17T16:42:27","slug":"spaetes-fruehmittelalter","status":"publish","type":"page","link":"https:\/\/www.pzlg.net\/wordpress\/projekte\/spaetes-fruehmittelalter\/","title":{"rendered":"Sp\u00e4tes Fr\u00fchmittelalter"},"content":{"rendered":"\n<p>Die Zeit von ca. 800 bis 1050 nach Christus ist von einer Vielzahl politischer, kultureller und religi\u00f6ser Faktoren gepr\u00e4gt. Franken, Sachsen, Slawen, Skandinavier und Byzantiner f\u00fchrten Krieg und trieben Handel miteinander. Der Kern des ottonischen Reichs war schon seit Jahrhunderten christianisiert, w\u00e4hrend zugleich noch weite Teile Mittel- und Nordeuropas heidnisch gepr\u00e4gt waren.<\/p>\n\n\n\n<p>Wir haben Kleidung und Gebrauchsgegenst\u00e4nde insbesondere aus Skandinavien rekonstruiert. Handwerk, Textiltechnik, Fischerei und K\u00fcche der damaligen Zeit k\u00f6nnen wir anschaulich darstellen und im kulturellen Kontext erl\u00e4utern. Auch zum aktuellen Wissensstand \u00fcber Politik, Religion, Milit\u00e4r, Handel und Gesellschaft (z. B. Rolle der Frau, Christianisierung, ..) k\u00f6nnen wir Informationen und Gespr\u00e4che anbieten.<\/p>\n\n\n\n<figure class=\"wp-block-image\"><img loading=\"lazy\" decoding=\"async\" width=\"692\" height=\"899\" src=\"https:\/\/www.pzlg.net\/wordpress\/wp-content\/uploads\/2017\/08\/pzlg_fruehmi2007.png\" alt=\"\" class=\"wp-image-674\" srcset=\"https:\/\/www.pzlg.net\/wordpress\/wp-content\/uploads\/2017\/08\/pzlg_fruehmi2007.png 692w, https:\/\/www.pzlg.net\/wordpress\/wp-content\/uploads\/2017\/08\/pzlg_fruehmi2007-231x300.png 231w\" sizes=\"auto, (max-width: 692px) 100vw, 692px\" \/><\/figure>\n","protected":false},"excerpt":{"rendered":"<p>Die Zeit von ca. 800 bis 1050 nach Christus ist von einer Vielzahl politischer, kultureller und religi\u00f6ser Faktoren gepr\u00e4gt. Franken, Sachsen, Slawen, Skandinavier und Byzantiner f\u00fchrten Krieg und trieben Handel miteinander. Der Kern des ottonischen Reichs war schon seit Jahrhunderten christianisiert, w\u00e4hrend zugleich noch weite Teile Mittel- und Nordeuropas heidnisch gepr\u00e4gt waren. Wir haben Kleidung [&hellip;]<\/p>\n","protected":false},"author":2,"featured_media":0,"parent":14,"menu_order":11,"comment_status":"open","ping_status":"closed","template":"","meta":{"footnotes":""},"class_list":["post-79","page","type-page","status-publish","hentry"],"_links":{"self":[{"href":"https:\/\/www.pzlg.net\/wordpress\/wp-json\/wp\/v2\/pages\/79","targetHints":{"allow":["GET"]}}],"collection":[{"href":"https:\/\/www.pzlg.net\/wordpress\/wp-json\/wp\/v2\/pages"}],"about":[{"href":"https:\/\/www.pzlg.net\/wordpress\/wp-json\/wp\/v2\/types\/page"}],"author":[{"embeddable":true,"href":"https:\/\/www.pzlg.net\/wordpress\/wp-json\/wp\/v2\/users\/2"}],"replies":[{"embeddable":true,"href":"https:\/\/www.pzlg.net\/wordpress\/wp-json\/wp\/v2\/comments?post=79"}],"version-history":[{"count":24,"href":"https:\/\/www.pzlg.net\/wordpress\/wp-json\/wp\/v2\/pages\/79\/revisions"}],"predecessor-version":[{"id":1239,"href":"https:\/\/www.pzlg.net\/wordpress\/wp-json\/wp\/v2\/pages\/79\/revisions\/1239"}],"up":[{"embeddable":true,"href":"https:\/\/www.pzlg.net\/wordpress\/wp-json\/wp\/v2\/pages\/14"}],"wp:attachment":[{"href":"https:\/\/www.pzlg.net\/wordpress\/wp-json\/wp\/v2\/media?parent=79"}],"curies":[{"name":"wp","href":"https:\/\/api.w.org\/{rel}","templated":true}]}}