{"id":60,"date":"2010-11-07T23:59:12","date_gmt":"2010-11-07T22:59:12","guid":{"rendered":"http:\/\/www.pzlg.net\/wordpress\/?page_id=60"},"modified":"2022-02-18T12:17:29","modified_gmt":"2022-02-18T11:17:29","slug":"latenezeit","status":"publish","type":"page","link":"https:\/\/www.pzlg.net\/wordpress\/projekte\/latenezeit\/","title":{"rendered":"Lat\u00e8nezeit"},"content":{"rendered":"\n<p><strong><span class=\"_5yl5\">Ca. 450 v. Chr. bis zur Zeitenwende <\/span><\/strong><\/p>\n\n\n\n<p><span class=\"_5yl5\">Im Gegensatz zur Hallstattzeit gibt es zur Lat\u00e8nezeit \u00fcberlieferte griechische und r\u00f6mischen Texte, die \u00fcber die <em>\u039a\u03b5\u03bb\u03c4\u03bf\u03af<\/em>&nbsp;bzw. <em>Celti<\/em> berichten,&nbsp; z.B. \u00fcber karierte Kleidung, die heute oft die Vorstellung von Kelten pr\u00e4gt. Trotz ihrer Problematik geben diese Quellen, die nicht einfach als Augenzeugenberichte gelesen werden d\u00fcrfen, Hinweise auf die Charakteristika der Lat\u00e9nekultur.<\/span><\/p>\n\n\n\n<p>Die arch\u00e4ologische Erforschung der sp\u00e4tlat\u00e8nezeitlichen <em>Oppida<\/em> &#8211; stadt\u00e4hnlicher Siedlungen &#8211; stellt eine Hauptquelle f\u00fcr unser Wissen \u00fcber die materielle keltische Kultur dar. Die Ausgrabung eines der gr\u00f6\u00dften bekannten <em>Oppida<\/em> bei Manching nahe Ingolstadt lieferte eine Vielzahl von Funden auch aus organischen Materialien. Dies gibt uns  eine  &#8211; wenn auch beschr\u00e4nkte &#8211; Vorstellung davon, wie  der Alltag ausgesehen haben mag. <\/p>\n\n\n\n<p>Insbesondere die Arch\u00e4ologie bietet so die Grundlage, Lebensbilder  dieser Zeit zu rekonstruieren, die freilich immer nur zu hinterfragende Ann\u00e4herungen sein k\u00f6nnen.<\/p>\n\n\n\n<figure class=\"wp-block-gallery aligncenter has-nested-images columns-default is-cropped wp-block-gallery-1 is-layout-flex wp-block-gallery-is-layout-flex\">\n<figure class=\"wp-block-image size-large\"><img loading=\"lazy\" decoding=\"async\" width=\"600\" height=\"652\" data-id=\"511\" src=\"https:\/\/www.pzlg.net\/wordpress\/wp-content\/uploads\/2013\/03\/schnippenburg.jpg\" alt=\"\" class=\"wp-image-511\" srcset=\"https:\/\/www.pzlg.net\/wordpress\/wp-content\/uploads\/2013\/03\/schnippenburg.jpg 600w, https:\/\/www.pzlg.net\/wordpress\/wp-content\/uploads\/2013\/03\/schnippenburg-276x300.jpg 276w\" sizes=\"auto, (max-width: 600px) 100vw, 600px\" \/><\/figure>\n\n\n\n<figure class=\"wp-block-image size-large\"><img loading=\"lazy\" decoding=\"async\" width=\"800\" height=\"533\" data-id=\"852\" src=\"https:\/\/www.pzlg.net\/wordpress\/wp-content\/uploads\/2019\/09\/kkelt.jpg\" alt=\"\" class=\"wp-image-852\" srcset=\"https:\/\/www.pzlg.net\/wordpress\/wp-content\/uploads\/2019\/09\/kkelt.jpg 800w, https:\/\/www.pzlg.net\/wordpress\/wp-content\/uploads\/2019\/09\/kkelt-300x200.jpg 300w, https:\/\/www.pzlg.net\/wordpress\/wp-content\/uploads\/2019\/09\/kkelt-768x512.jpg 768w\" sizes=\"auto, (max-width: 800px) 100vw, 800px\" \/><\/figure>\n\n\n\n<figure class=\"wp-block-image size-large\"><img loading=\"lazy\" decoding=\"async\" width=\"659\" height=\"1024\" data-id=\"1293\" src=\"https:\/\/www.pzlg.net\/wordpress\/wp-content\/uploads\/2022\/02\/krnlatene-659x1024.jpg\" alt=\"\" class=\"wp-image-1293\" srcset=\"https:\/\/www.pzlg.net\/wordpress\/wp-content\/uploads\/2022\/02\/krnlatene-659x1024.jpg 659w, https:\/\/www.pzlg.net\/wordpress\/wp-content\/uploads\/2022\/02\/krnlatene-193x300.jpg 193w, https:\/\/www.pzlg.net\/wordpress\/wp-content\/uploads\/2022\/02\/krnlatene-768x1193.jpg 768w, https:\/\/www.pzlg.net\/wordpress\/wp-content\/uploads\/2022\/02\/krnlatene-989x1536.jpg 989w, https:\/\/www.pzlg.net\/wordpress\/wp-content\/uploads\/2022\/02\/krnlatene.jpg 1024w\" sizes=\"auto, (max-width: 659px) 100vw, 659px\" \/><\/figure>\n<\/figure>\n\n\n\n<p>Derzeitiger Schwerpunkt der Arbeit der PzlG zur Lat\u00e9nezeit sind textile Rekonstruktionen und die Rekonstruktion von Glasperlen.<\/p>\n\n\n\n<figure class=\"wp-block-image size-large\"><img loading=\"lazy\" decoding=\"async\" width=\"1024\" height=\"251\" src=\"https:\/\/www.pzlg.net\/wordpress\/wp-content\/uploads\/2019\/09\/widdlat-1-1024x251.jpg\" alt=\"\" class=\"wp-image-855\" srcset=\"https:\/\/www.pzlg.net\/wordpress\/wp-content\/uploads\/2019\/09\/widdlat-1-1024x251.jpg 1024w, https:\/\/www.pzlg.net\/wordpress\/wp-content\/uploads\/2019\/09\/widdlat-1-300x74.jpg 300w, https:\/\/www.pzlg.net\/wordpress\/wp-content\/uploads\/2019\/09\/widdlat-1-768x188.jpg 768w, https:\/\/www.pzlg.net\/wordpress\/wp-content\/uploads\/2019\/09\/widdlat-1.jpg 1080w\" sizes=\"auto, (max-width: 1024px) 100vw, 1024px\" \/><\/figure>\n","protected":false},"excerpt":{"rendered":"<p>Ca. 450 v. Chr. bis zur Zeitenwende Im Gegensatz zur Hallstattzeit gibt es zur Lat\u00e8nezeit \u00fcberlieferte griechische und r\u00f6mischen Texte, die \u00fcber die \u039a\u03b5\u03bb\u03c4\u03bf\u03af&nbsp;bzw. Celti berichten,&nbsp; z.B. \u00fcber karierte Kleidung, die heute oft die Vorstellung von Kelten pr\u00e4gt. Trotz ihrer Problematik geben diese Quellen, die nicht einfach als Augenzeugenberichte gelesen werden d\u00fcrfen, Hinweise auf die [&hellip;]<\/p>\n","protected":false},"author":2,"featured_media":0,"parent":14,"menu_order":3,"comment_status":"open","ping_status":"open","template":"","meta":{"footnotes":""},"class_list":["post-60","page","type-page","status-publish","hentry"],"_links":{"self":[{"href":"https:\/\/www.pzlg.net\/wordpress\/wp-json\/wp\/v2\/pages\/60","targetHints":{"allow":["GET"]}}],"collection":[{"href":"https:\/\/www.pzlg.net\/wordpress\/wp-json\/wp\/v2\/pages"}],"about":[{"href":"https:\/\/www.pzlg.net\/wordpress\/wp-json\/wp\/v2\/types\/page"}],"author":[{"embeddable":true,"href":"https:\/\/www.pzlg.net\/wordpress\/wp-json\/wp\/v2\/users\/2"}],"replies":[{"embeddable":true,"href":"https:\/\/www.pzlg.net\/wordpress\/wp-json\/wp\/v2\/comments?post=60"}],"version-history":[{"count":37,"href":"https:\/\/www.pzlg.net\/wordpress\/wp-json\/wp\/v2\/pages\/60\/revisions"}],"predecessor-version":[{"id":1309,"href":"https:\/\/www.pzlg.net\/wordpress\/wp-json\/wp\/v2\/pages\/60\/revisions\/1309"}],"up":[{"embeddable":true,"href":"https:\/\/www.pzlg.net\/wordpress\/wp-json\/wp\/v2\/pages\/14"}],"wp:attachment":[{"href":"https:\/\/www.pzlg.net\/wordpress\/wp-json\/wp\/v2\/media?parent=60"}],"curies":[{"name":"wp","href":"https:\/\/api.w.org\/{rel}","templated":true}]}}

Latènezeit

<p><strong><span class="_5yl5">Ca. 450 v. Chr. bis zur Zeitenwende </span></strong></p>



<p><span class="_5yl5">Im Gegensatz zur Hallstattzeit gibt es zur Latènezeit überlieferte griechische und römischen Texte, die über die <em>Κελτοί</em>&nbsp;bzw. <em>Celti</em> berichten,&nbsp; z.B. über karierte Kleidung, die heute oft die Vorstellung von Kelten prägt. Trotz ihrer Problematik geben diese Quellen, die nicht einfach als Augenzeugenberichte gelesen werden dürfen, Hinweise auf die Charakteristika der Laténekultur.</span></p>



<p>Die archäologische Erforschung der spätlatènezeitlichen <em>Oppida</em> &#8211; stadtähnlicher Siedlungen &#8211; stellt eine Hauptquelle für unser Wissen über die materielle keltische Kultur dar. Die Ausgrabung eines der größten bekannten <em>Oppida</em> bei Manching nahe Ingolstadt lieferte eine Vielzahl von Funden auch aus organischen Materialien. Dies gibt uns  eine  &#8211; wenn auch beschränkte &#8211; Vorstellung davon, wie  der Alltag ausgesehen haben mag. </p>



<p>Insbesondere die Archäologie bietet so die Grundlage, Lebensbilder  dieser Zeit zu rekonstruieren, die freilich immer nur zu hinterfragende Annäherungen sein können.</p>



<figure class="wp-block-gallery aligncenter has-nested-images columns-default is-cropped wp-block-gallery-1 is-layout-flex wp-block-gallery-is-layout-flex">
<figure class="wp-block-image size-large"><img loading="lazy" decoding="async" width="600" height="652" data-id="511" src="https://www.pzlg.net/wordpress/wp-content/uploads/2013/03/schnippenburg.jpg" alt="" class="wp-image-511" srcset="https://www.pzlg.net/wordpress/wp-content/uploads/2013/03/schnippenburg.jpg 600w, https://www.pzlg.net/wordpress/wp-content/uploads/2013/03/schnippenburg-276x300.jpg 276w" sizes="auto, (max-width: 600px) 100vw, 600px" /></figure>



<figure class="wp-block-image size-large"><img loading="lazy" decoding="async" width="800" height="533" data-id="852" src="https://www.pzlg.net/wordpress/wp-content/uploads/2019/09/kkelt.jpg" alt="" class="wp-image-852" srcset="https://www.pzlg.net/wordpress/wp-content/uploads/2019/09/kkelt.jpg 800w, https://www.pzlg.net/wordpress/wp-content/uploads/2019/09/kkelt-300x200.jpg 300w, https://www.pzlg.net/wordpress/wp-content/uploads/2019/09/kkelt-768x512.jpg 768w" sizes="auto, (max-width: 800px) 100vw, 800px" /></figure>



<figure class="wp-block-image size-large"><img loading="lazy" decoding="async" width="659" height="1024" data-id="1293" src="https://www.pzlg.net/wordpress/wp-content/uploads/2022/02/krnlatene-659x1024.jpg" alt="" class="wp-image-1293" srcset="https://www.pzlg.net/wordpress/wp-content/uploads/2022/02/krnlatene-659x1024.jpg 659w, https://www.pzlg.net/wordpress/wp-content/uploads/2022/02/krnlatene-193x300.jpg 193w, https://www.pzlg.net/wordpress/wp-content/uploads/2022/02/krnlatene-768x1193.jpg 768w, https://www.pzlg.net/wordpress/wp-content/uploads/2022/02/krnlatene-989x1536.jpg 989w, https://www.pzlg.net/wordpress/wp-content/uploads/2022/02/krnlatene.jpg 1024w" sizes="auto, (max-width: 659px) 100vw, 659px" /></figure>
</figure>



<p>Derzeitiger Schwerpunkt der Arbeit der PzlG zur Laténezeit sind textile Rekonstruktionen und die Rekonstruktion von Glasperlen.</p>



<figure class="wp-block-image size-large"><img loading="lazy" decoding="async" width="1024" height="251" src="https://www.pzlg.net/wordpress/wp-content/uploads/2019/09/widdlat-1-1024x251.jpg" alt="" class="wp-image-855" srcset="https://www.pzlg.net/wordpress/wp-content/uploads/2019/09/widdlat-1-1024x251.jpg 1024w, https://www.pzlg.net/wordpress/wp-content/uploads/2019/09/widdlat-1-300x74.jpg 300w, https://www.pzlg.net/wordpress/wp-content/uploads/2019/09/widdlat-1-768x188.jpg 768w, https://www.pzlg.net/wordpress/wp-content/uploads/2019/09/widdlat-1.jpg 1080w" sizes="auto, (max-width: 1024px) 100vw, 1024px" /></figure>

<p>Ca. 450 v. Chr. bis zur Zeitenwende Im Gegensatz zur Hallstattzeit gibt es zur Latènezeit überlieferte griechische und römischen Texte, die über die Κελτοί&nbsp;bzw. Celti berichten,&nbsp; z.B. über karierte Kleidung, die heute oft die Vorstellung von Kelten prägt. Trotz ihrer Problematik geben diese Quellen, die nicht einfach als Augenzeugenberichte gelesen werden dürfen, Hinweise auf die [&hellip;]</p>
