{"id":232,"date":"2010-11-10T21:07:38","date_gmt":"2010-11-10T20:07:38","guid":{"rendered":"http:\/\/www.pzlg.net\/wordpress\/?page_id=232"},"modified":"2022-02-18T12:19:18","modified_gmt":"2022-02-18T11:19:18","slug":"frisia","status":"publish","type":"page","link":"https:\/\/www.pzlg.net\/wordpress\/projekte\/frisia\/","title":{"rendered":"Frisia"},"content":{"rendered":"\n<h1 class=\"has-large-font-size wp-block-heading\" id=\"friesen-im-8-jhd-n-chr-bauern-fischer-und-handler-an-der-nordseekuste\" style=\"font-style:normal;font-weight:600\">Friesen im 8. Jhd. n. Chr.: <br><strong>Bauern, Fischer und H\u00e4ndler an der Nordseek\u00fcste<\/strong><\/h1>\n\n\n\n<p>Kontakt: frisia AT pzlg . net<\/p>\n\n\n\n<h2 class=\"has-medium-font-size wp-block-heading\" id=\"die-friesen-im-fruhmittelalter\" style=\"font-style:normal;font-weight:600\">Die Friesen im Fr\u00fchmittelalter<\/h2>\n\n\n\n<p>Ab dem 7. Jhd. besiedelte das Volk der Friesen von Westen her die K\u00fcstenregion von den heutigen Niederlanden bis in das Wangerland am \u00f6stlichen Rand der ostfriesischen Halbinsel und sp\u00e4ter noch weiter bis in Teile des heutigen Schleswig-Holsteins.<\/p>\n\n\n\n<p>Da das Marschland im fr\u00fchen Mittelalter noch unbedeicht war, errichteten die Menschen zum Schutze vor \u00dcberschwemmungen und Sturmfluten Wurten (Wohnh\u00fcgel). Ihre Lebensgrundlage war die Landwirtschaft mit Rinderhaltung, Schafzucht sowie der Fischfang. Der Ackerbau war bedingt durch die h\u00e4ufigen \u00dcberflutungen mit Meerwasser nur in bescheidenem Umfang m\u00f6glich.<\/p>\n\n\n\n<p>Zahlreiche Funde bezeugen ein vielseitiges Handwerk wie das bedeutende Textilhandwerk, insbesondere die Verarbeitung der Schafwolle zu den ber\u00fchmten friesischen Tuchen, die Anfertigung von Knochen-, Geweih- und Holzger\u00e4t, aber auch die Verarbeitung von Eisen und Bronze.<\/p>\n\n\n\n<p>Die \u00dcberschussproduktion aus Landwirtschaft und Handwerk floss dem Nah- und Fernhandel zu und trug damit zur wirtschaftwirtschaftlichen Bl\u00fcte in den mittelalterlichen Marschgebieten bei. Als H\u00e4ndler spielten die Friesen eine bedeutende Rolle im Rahmen des Warenaustausches. Die s\u00fcdwestliche Nordsee diente als Drehscheibe f\u00fcr den Transithandel mit Britannien, dem Rheinland, Skandinavien und Russland.<\/p>\n\n\n\n<h2 class=\"has-medium-font-size wp-block-heading\" id=\"das-projekt-frisia\" style=\"font-style:normal;font-weight:600\">Das Projekt &#8220;Frisia&#8221;<\/h2>\n\n\n\n<div class=\"wp-block-columns is-layout-flex wp-container-core-columns-is-layout-28f84493 wp-block-columns-is-layout-flex\">\n<div class=\"wp-block-column is-layout-flow wp-block-column-is-layout-flow\">\n<figure class=\"wp-block-image size-large\"><img loading=\"lazy\" decoding=\"async\" width=\"768\" height=\"1024\" src=\"https:\/\/www.pzlg.net\/wordpress\/wp-content\/uploads\/2012\/09\/Beate_Friesin_2011_01-768x1024.jpg\" alt=\"Friesin 1\" class=\"wp-image-377\" srcset=\"https:\/\/www.pzlg.net\/wordpress\/wp-content\/uploads\/2012\/09\/Beate_Friesin_2011_01-768x1024.jpg 768w, https:\/\/www.pzlg.net\/wordpress\/wp-content\/uploads\/2012\/09\/Beate_Friesin_2011_01-225x300.jpg 225w\" sizes=\"auto, (max-width: 768px) 100vw, 768px\" \/><\/figure>\n<\/div>\n\n\n\n<div class=\"wp-block-column is-layout-flow wp-block-column-is-layout-flow\">\n<figure class=\"wp-block-image size-large\"><img loading=\"lazy\" decoding=\"async\" width=\"711\" height=\"1024\" src=\"https:\/\/www.pzlg.net\/wordpress\/wp-content\/uploads\/2012\/09\/Erin_Haithabu-711x1024.jpg\" alt=\"Friesin 2\" class=\"wp-image-378\" srcset=\"https:\/\/www.pzlg.net\/wordpress\/wp-content\/uploads\/2012\/09\/Erin_Haithabu-711x1024.jpg 711w, https:\/\/www.pzlg.net\/wordpress\/wp-content\/uploads\/2012\/09\/Erin_Haithabu-208x300.jpg 208w, https:\/\/www.pzlg.net\/wordpress\/wp-content\/uploads\/2012\/09\/Erin_Haithabu.jpg 1264w\" sizes=\"auto, (max-width: 711px) 100vw, 711px\" \/><\/figure>\n<\/div>\n\n\n\n<div class=\"wp-block-column is-layout-flow wp-block-column-is-layout-flow\">\n<figure class=\"wp-block-image size-large\"><img loading=\"lazy\" decoding=\"async\" width=\"767\" height=\"1024\" src=\"https:\/\/www.pzlg.net\/wordpress\/wp-content\/uploads\/2012\/09\/Maren_Meppen-2012-767x1024.jpg\" alt=\"Friesin 3\" class=\"wp-image-380\" srcset=\"https:\/\/www.pzlg.net\/wordpress\/wp-content\/uploads\/2012\/09\/Maren_Meppen-2012-767x1024.jpg 767w, https:\/\/www.pzlg.net\/wordpress\/wp-content\/uploads\/2012\/09\/Maren_Meppen-2012-224x300.jpg 224w, https:\/\/www.pzlg.net\/wordpress\/wp-content\/uploads\/2012\/09\/Maren_Meppen-2012.jpg 1487w\" sizes=\"auto, (max-width: 767px) 100vw, 767px\" \/><\/figure>\n<\/div>\n<\/div>\n\n\n\n<p class=\"has-text-align-left\">Das \u201eProjekt Frisia\u201c m\u00f6chte einen Einblick in das Leben an der Nordseek\u00fcste im Fr\u00fchmittelalter erm\u00f6glichen.<\/p>\n\n\n\n<p>Wir besch\u00e4ftigen uns mit den Themen:<\/p>\n\n\n\n<ul class=\"wp-block-list\"><li>Ern\u00e4hrung<\/li><li>Landwirtschaft<\/li><li>Fischerei<\/li><li>Handwerk (Schwerpunkt Textilverarbeitung)<\/li><\/ul>\n\n\n\n<div class=\"wp-block-columns is-layout-flex wp-container-core-columns-is-layout-28f84493 wp-block-columns-is-layout-flex\">\n<div class=\"wp-block-column is-layout-flow wp-block-column-is-layout-flow\" style=\"flex-basis:33.33%\">\n<div class=\"wp-block-image\"><figure class=\"alignleft size-large is-resized\"><img loading=\"lazy\" decoding=\"async\" src=\"https:\/\/www.pzlg.net\/wordpress\/wp-content\/uploads\/2012\/09\/Schmuck01-767x1024.jpg\" alt=\"\" class=\"wp-image-381\" width=\"228\" height=\"304\" srcset=\"https:\/\/www.pzlg.net\/wordpress\/wp-content\/uploads\/2012\/09\/Schmuck01-767x1024.jpg 767w, https:\/\/www.pzlg.net\/wordpress\/wp-content\/uploads\/2012\/09\/Schmuck01-224x300.jpg 224w, https:\/\/www.pzlg.net\/wordpress\/wp-content\/uploads\/2012\/09\/Schmuck01.jpg 1811w\" sizes=\"auto, (max-width: 228px) 100vw, 228px\" \/><\/figure><\/div>\n<\/div>\n\n\n\n<div class=\"wp-block-column is-layout-flow wp-block-column-is-layout-flow\" style=\"flex-basis:66.66%\">\n<div class=\"wp-block-image\"><figure class=\"alignright size-large is-resized\"><img loading=\"lazy\" decoding=\"async\" src=\"https:\/\/www.pzlg.net\/wordpress\/wp-content\/uploads\/2012\/09\/Keramik02-1024x768.jpg\" alt=\"\" class=\"wp-image-379\" width=\"405\" height=\"303\" srcset=\"https:\/\/www.pzlg.net\/wordpress\/wp-content\/uploads\/2012\/09\/Keramik02-1024x768.jpg 1024w, https:\/\/www.pzlg.net\/wordpress\/wp-content\/uploads\/2012\/09\/Keramik02-300x225.jpg 300w, https:\/\/www.pzlg.net\/wordpress\/wp-content\/uploads\/2012\/09\/Keramik02.jpg 1424w\" sizes=\"auto, (max-width: 405px) 100vw, 405px\" \/><\/figure><\/div>\n<\/div>\n<\/div>\n\n\n\n<p>Insbesondere sollen auch die Einfl\u00fcsse und Ver\u00e4nderungen durch Handelsbeziehungen und der beginnenden Christianisierung sowie die regionalen Unterschiede aufgezeigt werden. Der Schwerpunkt liegt auf der Darstellung des t\u00e4glichen Lebens einfacher Leute, dem die Darstellung einer wohlhabenden Frau mit weitreichenden Handelsbeziehungen gegen\u00fcbergestellt wird.<\/p>\n","protected":false},"excerpt":{"rendered":"<p>Friesen im 8. Jhd. n. Chr.: Bauern, Fischer und H\u00e4ndler an der Nordseek\u00fcste Kontakt: frisia AT pzlg . net Die Friesen im Fr\u00fchmittelalter Ab dem 7. Jhd. besiedelte das Volk der Friesen von Westen her die K\u00fcstenregion von den heutigen Niederlanden bis in das Wangerland am \u00f6stlichen Rand der ostfriesischen Halbinsel und sp\u00e4ter noch weiter [&hellip;]<\/p>\n","protected":false},"author":2,"featured_media":0,"parent":14,"menu_order":9,"comment_status":"open","ping_status":"closed","template":"","meta":{"footnotes":""},"class_list":["post-232","page","type-page","status-publish","hentry"],"_links":{"self":[{"href":"https:\/\/www.pzlg.net\/wordpress\/wp-json\/wp\/v2\/pages\/232","targetHints":{"allow":["GET"]}}],"collection":[{"href":"https:\/\/www.pzlg.net\/wordpress\/wp-json\/wp\/v2\/pages"}],"about":[{"href":"https:\/\/www.pzlg.net\/wordpress\/wp-json\/wp\/v2\/types\/page"}],"author":[{"embeddable":true,"href":"https:\/\/www.pzlg.net\/wordpress\/wp-json\/wp\/v2\/users\/2"}],"replies":[{"embeddable":true,"href":"https:\/\/www.pzlg.net\/wordpress\/wp-json\/wp\/v2\/comments?post=232"}],"version-history":[{"count":40,"href":"https:\/\/www.pzlg.net\/wordpress\/wp-json\/wp\/v2\/pages\/232\/revisions"}],"predecessor-version":[{"id":1310,"href":"https:\/\/www.pzlg.net\/wordpress\/wp-json\/wp\/v2\/pages\/232\/revisions\/1310"}],"up":[{"embeddable":true,"href":"https:\/\/www.pzlg.net\/wordpress\/wp-json\/wp\/v2\/pages\/14"}],"wp:attachment":[{"href":"https:\/\/www.pzlg.net\/wordpress\/wp-json\/wp\/v2\/media?parent=232"}],"curies":[{"name":"wp","href":"https:\/\/api.w.org\/{rel}","templated":true}]}}