{"id":2,"date":"2010-11-06T00:14:51","date_gmt":"2010-11-05T23:14:51","guid":{"rendered":"http:\/\/www.pzlg.net\/wordpress\/?page_id=2"},"modified":"2022-02-17T17:32:01","modified_gmt":"2022-02-17T16:32:01","slug":"about","status":"publish","type":"page","link":"https:\/\/www.pzlg.net\/wordpress\/","title":{"rendered":"Willkommen"},"content":{"rendered":"\n<p class=\"has-text-align-left\" id=\"herzlich-willkommen-auf-dem-internetauftritt-des-vereins-projekte-zur-lebendigen-geschichte-e-v-pzlg\">Herzlich willkommen auf dem Internetauftritt des Vereins Projekte zur Lebendigen Geschichte e.V. (PzlG).<\/p>\n\n\n\n<p class=\"has-text-align-left\">Auf unseren Seiten informieren wir \u00fcber die Ziele unseres Vereins, die einzelnen Projekte und unsere Aktivit\u00e4ten rund um die Bereiche Arch\u00e4otechnik, Living History und Reenactment im musealen Bereich.<\/p>\n\n\n\n<div class=\"wp-block-image\"><figure class=\"aligncenter\"><img loading=\"lazy\" decoding=\"async\" width=\"764\" height=\"520\" src=\"https:\/\/www.pzlg.net\/wordpress\/wp-content\/uploads\/2019\/09\/pzlg_willkommen-2019.jpg\" alt=\"\" class=\"wp-image-869\" srcset=\"https:\/\/www.pzlg.net\/wordpress\/wp-content\/uploads\/2019\/09\/pzlg_willkommen-2019.jpg 764w, https:\/\/www.pzlg.net\/wordpress\/wp-content\/uploads\/2019\/09\/pzlg_willkommen-2019-300x204.jpg 300w\" sizes=\"auto, (max-width: 764px) 100vw, 764px\" \/><\/figure><\/div>\n","protected":false},"excerpt":{"rendered":"<p>Herzlich willkommen auf dem Internetauftritt des Vereins Projekte zur Lebendigen Geschichte e.V. (PzlG). Auf unseren Seiten informieren wir \u00fcber die Ziele unseres Vereins, die einzelnen Projekte und unsere Aktivit\u00e4ten rund um die Bereiche Arch\u00e4otechnik, Living History und Reenactment im musealen Bereich.<\/p>\n","protected":false},"author":1,"featured_media":0,"parent":0,"menu_order":0,"comment_status":"open","ping_status":"closed","template":"","meta":{"footnotes":""},"class_list":["post-2","page","type-page","status-publish","hentry"],"_links":{"self":[{"href":"https:\/\/www.pzlg.net\/wordpress\/wp-json\/wp\/v2\/pages\/2","targetHints":{"allow":["GET"]}}],"collection":[{"href":"https:\/\/www.pzlg.net\/wordpress\/wp-json\/wp\/v2\/pages"}],"about":[{"href":"https:\/\/www.pzlg.net\/wordpress\/wp-json\/wp\/v2\/types\/page"}],"author":[{"embeddable":true,"href":"https:\/\/www.pzlg.net\/wordpress\/wp-json\/wp\/v2\/users\/1"}],"replies":[{"embeddable":true,"href":"https:\/\/www.pzlg.net\/wordpress\/wp-json\/wp\/v2\/comments?post=2"}],"version-history":[{"count":34,"href":"https:\/\/www.pzlg.net\/wordpress\/wp-json\/wp\/v2\/pages\/2\/revisions"}],"predecessor-version":[{"id":1229,"href":"https:\/\/www.pzlg.net\/wordpress\/wp-json\/wp\/v2\/pages\/2\/revisions\/1229"}],"wp:attachment":[{"href":"https:\/\/www.pzlg.net\/wordpress\/wp-json\/wp\/v2\/media?parent=2"}],"curies":[{"name":"wp","href":"https:\/\/api.w.org\/{rel}","templated":true}]}}