{"id":14,"date":"2010-11-06T01:09:59","date_gmt":"2010-11-06T00:09:59","guid":{"rendered":"http:\/\/www.pzlg.net\/wordpress\/?page_id=14"},"modified":"2019-09-17T21:37:43","modified_gmt":"2019-09-17T19:37:43","slug":"projekte","status":"publish","type":"page","link":"https:\/\/www.pzlg.net\/wordpress\/projekte\/","title":{"rendered":"Projekte"},"content":{"rendered":"<p>Der Verein \u201aProjekte zur lebendigen Geschichte\u2019 besch\u00e4ftigt sich mit verschiedenen Themen zur Geschichte.<\/p>\n<p>Hier finden Sie Projekte, die sich mit bestimmten Zeiten besch\u00e4ftigen, aber auch zeit\u00fcbergreifende Projekte, die sich einem Themenschwerpunkt widmen.<\/p>\n<p><img loading=\"lazy\" decoding=\"async\" class=\"alignright wp-image-703 size-full\" src=\"https:\/\/www.pzlg.net\/wordpress\/wp-content\/uploads\/2017\/08\/pzlg_willkommen-2017.png\" alt=\"\" width=\"764\" height=\"520\" srcset=\"https:\/\/www.pzlg.net\/wordpress\/wp-content\/uploads\/2017\/08\/pzlg_willkommen-2017.png 764w, https:\/\/www.pzlg.net\/wordpress\/wp-content\/uploads\/2017\/08\/pzlg_willkommen-2017-300x204.png 300w\" sizes=\"auto, (max-width: 764px) 100vw, 764px\" \/><\/p>\n","protected":false},"excerpt":{"rendered":"<p>Der Verein \u201aProjekte zur lebendigen Geschichte\u2019 besch\u00e4ftigt sich mit verschiedenen Themen zur Geschichte. Hier finden Sie Projekte, die sich mit bestimmten Zeiten besch\u00e4ftigen, aber auch zeit\u00fcbergreifende Projekte, die sich einem Themenschwerpunkt widmen.<\/p>\n","protected":false},"author":2,"featured_media":0,"parent":0,"menu_order":2,"comment_status":"open","ping_status":"closed","template":"","meta":{"footnotes":""},"class_list":["post-14","page","type-page","status-publish","hentry"],"_links":{"self":[{"href":"https:\/\/www.pzlg.net\/wordpress\/wp-json\/wp\/v2\/pages\/14","targetHints":{"allow":["GET"]}}],"collection":[{"href":"https:\/\/www.pzlg.net\/wordpress\/wp-json\/wp\/v2\/pages"}],"about":[{"href":"https:\/\/www.pzlg.net\/wordpress\/wp-json\/wp\/v2\/types\/page"}],"author":[{"embeddable":true,"href":"https:\/\/www.pzlg.net\/wordpress\/wp-json\/wp\/v2\/users\/2"}],"replies":[{"embeddable":true,"href":"https:\/\/www.pzlg.net\/wordpress\/wp-json\/wp\/v2\/comments?post=14"}],"version-history":[{"count":20,"href":"https:\/\/www.pzlg.net\/wordpress\/wp-json\/wp\/v2\/pages\/14\/revisions"}],"predecessor-version":[{"id":885,"href":"https:\/\/www.pzlg.net\/wordpress\/wp-json\/wp\/v2\/pages\/14\/revisions\/885"}],"wp:attachment":[{"href":"https:\/\/www.pzlg.net\/wordpress\/wp-json\/wp\/v2\/media?parent=14"}],"curies":[{"name":"wp","href":"https:\/\/api.w.org\/{rel}","templated":true}]}}