{"id":105,"date":"2010-11-08T00:59:46","date_gmt":"2010-11-07T23:59:46","guid":{"rendered":"http:\/\/www.pzlg.net\/wordpress\/?page_id=105"},"modified":"2022-11-20T12:26:54","modified_gmt":"2022-11-20T11:26:54","slug":"referenzen","status":"publish","type":"page","link":"https:\/\/www.pzlg.net\/wordpress\/referenzen\/","title":{"rendered":"Referenzen"},"content":{"rendered":"\n<p><span style=\"font-size: large;\">Eine Auswahl von Veranstaltungen, die wir mitgestaltet haben:<\/span><\/p>\n\n\n\n<p><strong>2022<\/strong><\/p>\n\n\n\n<p>Corona, aber es geht aufw\u00e4rts:<\/p>\n\n\n\n<ul class=\"wp-block-list\">\n<li>Wikingertage im <a href=\"https:\/\/www.afm-oerlinghausen.de\">Freilichmuseum Oerlinghausen<\/a><\/li>\n\n\n\n<li><a href=\"https:\/\/kulturland.rlp.de\/de\/aktuelles\/detail\/news\/News\/detail\/roemerfest-kaiserthermen\">R\u00f6merfest in den Kaiserthermen Trier<\/a><\/li>\n\n\n\n<li>Jahrestagung der <a href=\"http:\/\/www.exar.org\">EXAR<\/a><\/li>\n<\/ul>\n\n\n\n<p><strong>2021<\/strong><\/p>\n\n\n\n<p>Auch 2021 war haupts\u00e4chlich Corona, aber dennoch:<\/p>\n\n\n\n<ul class=\"wp-block-list\">\n<li><a href=\"https:\/\/belginum.de\">Tag des offenen Denkmals im Arch\u00e4ologiepark Belginum<\/a><\/li>\n\n\n\n<li><a href=\"http:\/\/mittelalterhaus-nienover.de\">Belebung Mittelalterhaus Nienover<\/a><\/li>\n<\/ul>\n\n\n\n<p><strong>2020<\/strong><\/p>\n\n\n\n<p>Auch bei uns mussten im &#8220;Corona-Jahr&#8221; fast alle Pl\u00e4ne gecancelt werden. Im Sommer konnte immerhin noch eine Veranstaltung stattfinden:<\/p>\n\n\n\n<ul class=\"wp-block-list\">\n<li><a href=\"http:\/\/www.mittelalterhaus-nienover.de\">Belebung Mittelalterhaus Nienover<\/a><\/li>\n<\/ul>\n\n\n\n<p><strong>2019<\/strong><\/p>\n\n\n\n<ul class=\"wp-block-list\">\n<li><a href=\"https:\/\/www.westfalen-blatt.de\/OWL\/Kreis-Herford\/Loehne\/3963081-Ausgrabungen-eine-Ausstellung-und-historisches-Handwerk-werden-in-Loehne-praesentiert-Roemer-besuchen-Museumsfest\" target=\"_blank\" rel=\"noopener noreferrer\">Museumsfest L\u00f6hne<\/a>, &#8220;Gohfelder Reiter&#8221;<\/li>\n\n\n\n<li>800-Jahrfeier Datzeroth<\/li>\n\n\n\n<li>Belebung <a href=\"https:\/\/www.northeim-news.de\/region-aktiv\/5140-mittelalterhaus-nienover-neue-gruppe-im-mittelalterhaus-nienover-zeigt-das-13-jahrhundert\" target=\"_blank\" rel=\"noopener noreferrer\">Mittelalterhaus Nienover<\/a><\/li>\n\n\n\n<li><a href=\"https:\/\/www.landesmuseum-brandenburg.de\/veranstaltungen\/archaeotechnica\/\">Arch\u00e4otechnika<\/a> &#8211; Arch\u00e4ologisches Landesmuseum Brandenburg<\/li>\n\n\n\n<li><a href=\"https:\/\/www.westfalen-blatt.de\/OWL\/Kreis-Paderborn\/Paderborn\/3938959-Paderborner-Museen-machen-beste-Werbung-in-eigener-Sache-Lange-Nacht-mit-exklusiven-Einblicken\">Paderborner Museumsnacht<\/a> &#8211; Museum in der Kaiserpfalz<\/li>\n\n\n\n<li><a href=\"https:\/\/freilichtmuseum-lindlar.lvr.de\/de\/veranstaltungen\/jahresprogramm\/tuchmarkt\/standardseite_11.html\" target=\"_blank\" rel=\"noopener noreferrer\">Tuchmarkt<\/a> im LVR Freilichtmuseum Lindlar<\/li>\n<\/ul>\n\n\n\n<p><strong>2018<\/strong><\/p>\n\n\n\n<ul class=\"wp-block-list\">\n<li>Belebung <a href=\"http:\/\/www.turmh\u00fcgelburg.de\">Turmh\u00fcgelburg L\u00fctjenburg<\/a><\/li>\n\n\n\n<li><a href=\"http:\/\/apx.lvr.de\">LVR Arch\u00e4ologischer Park Xanten<\/a> &#8211; Schwerter, Brot und Spiele<\/li>\n\n\n\n<li>EXAR-Tagung Unteruhldingen<\/li>\n\n\n\n<li>Belebung <a href=\"https:\/\/www.northeim-news.de\/region-aktiv\/5140-mittelalterhaus-nienover-neue-gruppe-im-mittelalterhaus-nienover-zeigt-das-13-jahrhundert\">Mittelalterhaus Nienover<\/a><\/li>\n\n\n\n<li>Museumstag <a href=\"https:\/\/www.bad-duerkheim.de\/stadtmuseum-im-kulturzentrum-haus-catoir\">Stadtmuseum Bad D\u00fcrkheim<\/a>&nbsp;(Kelten)<\/li>\n\n\n\n<li>Textilhandwerktreffen AFM Oerlinghausen<\/li>\n\n\n\n<li>Burgmannentage &#8211; Museum &nbsp;Vechta<\/li>\n\n\n\n<li>St. Katharina Wenau &#8211; Tag des offenen Denkmals<\/li>\n\n\n\n<li>Wikingertage AFM Oerlinghausen<\/li>\n<\/ul>\n\n\n\n<p><strong>2017<\/strong><\/p>\n\n\n\n<ul class=\"wp-block-list\">\n<li><a href=\"http:\/\/www.horhausen.de\/aktuelles\/nachrichten-details\/?tx_ttnews%5Btt_news%5D=291&amp;cHash=034ec530bc93976ee30ae8e7617e522b\">Horhausen \u2013 Ein Dorf im 13. Jhd.<\/a><\/li>\n\n\n\n<li>Horhausen Handwerker-Herbstmarkt (Infostand)<\/li>\n\n\n\n<li><a href=\"http:\/\/apx.lvr.de\">LVR Arch\u00e4ologischer Park Xanten<\/a> &#8211; R\u00f6misches Handwerkerfest<\/li>\n\n\n\n<li><a href=\"http:\/\/www.klingenmuseum.de\">Deutsches Klingenmuseum Solingen<\/a> &#8211; Museumsfest &#8220;Ave Caesar&#8221;<\/li>\n\n\n\n<li><a href=\"http:\/\/belginum.de\/index.php?id=62\">Belginum &#8211; Ausstellungser\u00f6ffnung &#8220;Pracht und Herrlichkeit&#8221;<\/a><\/li>\n\n\n\n<li><a href=\"http:\/\/belginum.de\/index.php?id=62\">Belginum &#8211; Ausstellungser\u00f6ffnung &#8220;Pracht und Herrlichkeit&#8221;<\/a><\/li>\n\n\n\n<li>Wikingertage AFM Oerlinghausen<\/li>\n\n\n\n<li>EXAR-Tagung APX Xanten<\/li>\n<\/ul>\n\n\n\n<p><strong>2016<\/strong><\/p>\n\n\n\n<ul class=\"wp-block-list\">\n<li><a href=\"http:\/\/www-roemer-welt.de\">R\u00f6merwelt Rheinbrohl &#8211; R\u00f6mertage: Die Kelten kommen<\/a><\/li>\n\n\n\n<li><a href=\"http:\/\/apx.lvr.de\">LVR Arch\u00e4ologischer Park Xanten<\/a> &#8211; Schwerter, Brot und Spiele<\/li>\n\n\n\n<li>Zeitreisen-Tage\/Antiken-Tage auf der Burg Olbr\u00fcck<\/li>\n\n\n\n<li><a href=\"https:\/\/www.bachritterburg.de\">Bachritterburg<\/a> &#8211; Living History mit Volkelin<\/li>\n\n\n\n<li><a href=\"http:\/\/katharina-wenau.kibac.de\/details\/mittelalterliches-wenau\/db4c31b5-9517-4a2f-8a89-3a239c301ce9?action=details&amp;additional=nodeid%3Ddb4c31b5-9517-4a2f-8a89-3a239c301ce9%26siteid%3D1030922%26type%3Devent%26hideUpLink%3Dtrue\">St. Katharina, Wenau &#8211; Tag des offenen Denkmals: Klostergeschichte(n)<\/a><\/li>\n\n\n\n<li>Arch\u00e4ologisches Freilichtmuseum Oerlinghausen &#8211; Wikingertage<\/li>\n\n\n\n<li>Deutsche Bergbau-Museum Bochum, LWL&nbsp;Museum Herne &#8211; Modenschau &#8220;Nacht unter Tage&#8221;<\/li>\n<\/ul>\n\n\n\n<p><strong>2015<\/strong><\/p>\n\n\n\n<ul class=\"wp-block-list\">\n<li><a href=\"http:\/\/www-roemer-welt.de\">R\u00f6merwelt Rheinbrohl &#8211; R\u00f6mertage<\/a><\/li>\n\n\n\n<li><a href=\"http:\/\/apx.lvr.de\">LVR Arch\u00e4ologischer Park Xanten<\/a> &#8211; R\u00f6misches Handewerkerfest<\/li>\n\n\n\n<li><a href=\"http:\/\/alt.sankt-petrus-bonn.de\/kirchen\/stiftskirche\/1000-jahre-stift\/\">St. Petrus, Bonn &#8211; 1000 Jahre Stift<\/a><\/li>\n\n\n\n<li><a href=\"http:\/\/www.landesmuseum-brandenburg.de\/de\/veranstaltungen\/archaeotechnica\/rueckblick\/\">Arch\u00e4ologisches Landesmuseum Brandenburg &#8211;&nbsp;Arch\u00e4otechnika<\/a><\/li>\n\n\n\n<li>EXAR-Tagung, Saalburg<\/li>\n\n\n\n<li>Archeon &#8211; Wikingerwoche<\/li>\n\n\n\n<li>Freilichtmuseum Bad Dobernheim &#8211; Belebung<\/li>\n\n\n\n<li>Freilichmuseum Oerlinghausen &#8211; Workshop Living History und v\u00f6lkisches Denken<\/li>\n<\/ul>\n\n\n\n<p><strong>2014<\/strong><\/p>\n\n\n\n<ul class=\"wp-block-list\">\n<li><a href=\"http:\/\/www.bodendenkmalpflege.lvr.de\/de\/aktuelles\/veranstaltungen\/tour_nordeifel.html\">LVR Naturzentrum Eifel Nettersheim \u2013 Arch\u00e4ologietour Nordeifel<\/a><\/li>\n\n\n\n<li>Freilichmuseum Oerlinghausen &#8211; Textilwochenende Fr\u00fchmittelalter<\/li>\n\n\n\n<li>LVR Arch\u00e4ologischer Park Xanten \u2013 Schwerter, Brot und Spiele<\/li>\n\n\n\n<li><a href=\"http:\/\/www-roemer-welt.de\">R\u00f6merwelt Rheinbrohl &#8211; R\u00f6mertage<\/a><\/li>\n\n\n\n<li>Holmer Tage der lebendigen Fischereigeschichte in Schleswig<\/li>\n\n\n\n<li><a href=\"http:\/\/www.geschichtsfenster.de\/termine\/lich2014\/\">Historischer Handwerkermarkt Lich<\/a><\/li>\n<\/ul>\n\n\n\n<p><strong>2013<\/strong><\/p>\n\n\n\n<ul class=\"wp-block-list\">\n<li>Arch\u00e4otechnica Arch\u00e4ologisches Landesmuseum Brandenburg<\/li>\n\n\n\n<li>Holmer Tage der lebendigen Fischereigeschichte in Schleswig<\/li>\n\n\n\n<li>Mindener Zeitinseln<\/li>\n\n\n\n<li>LVR Stiftshoffest Wollersheim<\/li>\n\n\n\n<li><a href=\"http:\/\/www-roemer-welt.de\">R\u00f6merwelt Rheinbrohl &#8211; R\u00f6mertage<\/a><\/li>\n\n\n\n<li>LVR Arch\u00e4ologischer Park Xanten \u2013 Schwerter, Brot und Spiele<\/li>\n\n\n\n<li>St Katharina, Wenau &#8211; Tag des offenen Denkmals<\/li>\n<\/ul>\n\n\n\n<p><strong>2012<\/strong><\/p>\n\n\n\n<ul class=\"wp-block-list\">\n<li>LVR Naturzentrum Eifel Nettersheim \u2013 Arch\u00e4ologietour Nordeifel<\/li>\n\n\n\n<li><a href=\"http:\/\/www.wz-newsline.de\/lokales\/krefeld\/stadtleben\/ein-grab-ein-helm-und-eine-archaeologin-1.1107648\"><em>Museum Krefeld Linn \u2013 Tag des offenen Kastells<\/em><\/a><\/li>\n\n\n\n<li>Ausstellungszentrum f\u00fcr die Arch\u00e4ologie des Emslands (Meppen) &#8211;&nbsp;Museumsfest &#8220;ZeitSpr\u00fcnge&#8221;<\/li>\n\n\n\n<li>LVR Arch\u00e4ologischer Park Xanten \u2013 Schwerter, Brot und Spiele<\/li>\n\n\n\n<li><a href=\"&quot;http:\/\/www-roemer-welt.de\">R\u00f6merwelt Rheinbrohl &#8211; R\u00f6mertage<\/a><\/li>\n<\/ul>\n\n\n\n<p><strong>2011<\/strong><\/p>\n\n\n\n<ul class=\"wp-block-list\">\n<li>AFM Oerlinghausen \u2013 Wikingertage<\/li>\n\n\n\n<li>Landesmuseum Trier \u2013 Brot und Spiele<\/li>\n\n\n\n<li>Ausstellungszentrum f\u00fcr die Arch\u00e4ologie des Emslands (Meppen): Museumsfest &#8220;ZeitSpr\u00fcnge&#8221;<\/li>\n\n\n\n<li>Stadtmuseum Duisburg \u2013 Begleitprogramm zur Ausstellung \u201aDer Kaiser kommt\u2019 et. al.<\/li>\n\n\n\n<li>Clemens Sels Museum, Neuss &#8211; Kulturnacht<\/li>\n\n\n\n<li>Tempus &#8211; Zeit erleben: Zeitenwandel (Dorstadt)<\/li>\n<\/ul>\n\n\n\n<p><strong>2010<\/strong><\/p>\n\n\n\n<ul class=\"wp-block-list\">\n<li>Arch\u00e4ologisches Landesmuseum Brandenburg \u2013 Arch\u00e4otechnika<\/li>\n\n\n\n<li><a href=\"http:\/\/www.wz-newsline.de\/lokales\/rhein-kreis-neuss\/neuss\/neuss-essen-wie-die-alten-roemer-1.492826\"><em>Clemens Sels Museum, Neuss \u2013 Begleitprogramm zur Ausstellung \u201aGrenzenlose Gaumenfreuden\u2019<\/em><\/a><\/li>\n\n\n\n<li>Ausstellungszentrum f\u00fcr die Arch\u00e4ologie des Emslands (Meppen): Museumsfest &#8220;ZeitSpr\u00fcnge&#8221;<\/li>\n\n\n\n<li>Stadtmuseum Duisburg \u2013 Begleitprogramm zur Ausstellung \u201aDer Kaiser kommt\u2019<\/li>\n<\/ul>\n\n\n\n<p><strong>2009<\/strong><\/p>\n\n\n\n<ul class=\"wp-block-list\">\n<li>Lippisches Landesmuseum Detmold \u2013 \u201aR\u00f6mer- &amp; Germanenfest\u2019<\/li>\n\n\n\n<li>AFM Oerlinghausen \u2013 Wikingertage<\/li>\n\n\n\n<li>Tempus &#8211; Zeit erleben (Neuss)<\/li>\n\n\n\n<li>Ausstellungszentrum f\u00fcr die Arch\u00e4ologie des Emslands (Meppen): Museumsfest &#8220;ZeitSpr\u00fcnge&#8221;<\/li>\n\n\n\n<li>LVR-Arch\u00e4ologischer Park Xanten \u2013 &#8220;Schwerter, Brot und Spiele&#8221;<\/li>\n<\/ul>\n\n\n\n<p><strong>2008<\/strong><\/p>\n\n\n\n<ul class=\"wp-block-list\">\n<li>Museen im Marstall, Paderborn, Begleitprogramm zur Ausstellung \u201aEine Welt in Bewegung\u2019<\/li>\n\n\n\n<li>Er\u00f6ffnung der neu konzeptionierten Ausstellung des Alamannenmuseums Weingarten \/ &nbsp;Rekonstrukionen durch PZLG<\/li>\n\n\n\n<li>Wikinger Museum Haithabu &#8211; Belebung<\/li>\n\n\n\n<li>Museum Krefeld Linn \u2013 Begleitprogramm zur Ausstellung \u201aDas Geheimnis der Kelten\u2019<\/li>\n\n\n\n<li>AFM Oerlinghausen \u2013 Wikingertage<\/li>\n\n\n\n<li>Pfahlbau Museum Unteruhldingen \/ Bodensee : Museumsfest<\/li>\n\n\n\n<li>Kultur- und Stadthistorisches Museum Duisburg: 1125 Jahr Feier Duisburg<\/li>\n<\/ul>\n\n\n\n<p><strong>2007<\/strong><\/p>\n\n\n\n<ul class=\"wp-block-list\">\n<li>Buch &#8220;Bunte Tuche glei\u00dfendes Metall \u2013 Fr\u00fche Kelten der Hallstattzeit&#8221; ISBN 978-3-932077-31-9<\/li>\n\n\n\n<li>Keltenmuseum Heuneburg, \u201aBunte Tuche, Glei\u00dfendes Metall\u2019<\/li>\n\n\n\n<li>Museum und Park Kalkriese \u2013Museumsfest<\/li>\n\n\n\n<li>NRW-Tag, Stadt Paderborn<\/li>\n\n\n\n<li>Wikinger Museum Haithabu &#8211; Belebung<\/li>\n\n\n\n<li>Kulturgeschichtlichen Museum Osnabr\u00fcck, \u201aR\u00e4tsel Schnippenburg\u2019<\/li>\n<\/ul>\n\n\n\n<p><strong>2006<\/strong><\/p>\n\n\n\n<ul class=\"wp-block-list\">\n<li>AFM Oerlinghausen \u2013 Sachsen- und Frankentage<\/li>\n<\/ul>\n","protected":false},"excerpt":{"rendered":"<p>Eine Auswahl von Veranstaltungen, die wir mitgestaltet haben: 2022 Corona, aber es geht aufw\u00e4rts: 2021 Auch 2021 war haupts\u00e4chlich Corona, aber dennoch: 2020 Auch bei uns mussten im &#8220;Corona-Jahr&#8221; fast alle Pl\u00e4ne gecancelt werden. Im Sommer konnte immerhin noch eine Veranstaltung stattfinden: 2019 2018 2017 2016 2015 2014 2013 2012 2011 2010 2009 2008 2007 [&hellip;]<\/p>\n","protected":false},"author":2,"featured_media":0,"parent":0,"menu_order":3,"comment_status":"open","ping_status":"open","template":"","meta":{"footnotes":""},"class_list":["post-105","page","type-page","status-publish","hentry"],"_links":{"self":[{"href":"https:\/\/www.pzlg.net\/wordpress\/wp-json\/wp\/v2\/pages\/105","targetHints":{"allow":["GET"]}}],"collection":[{"href":"https:\/\/www.pzlg.net\/wordpress\/wp-json\/wp\/v2\/pages"}],"about":[{"href":"https:\/\/www.pzlg.net\/wordpress\/wp-json\/wp\/v2\/types\/page"}],"author":[{"embeddable":true,"href":"https:\/\/www.pzlg.net\/wordpress\/wp-json\/wp\/v2\/users\/2"}],"replies":[{"embeddable":true,"href":"https:\/\/www.pzlg.net\/wordpress\/wp-json\/wp\/v2\/comments?post=105"}],"version-history":[{"count":65,"href":"https:\/\/www.pzlg.net\/wordpress\/wp-json\/wp\/v2\/pages\/105\/revisions"}],"predecessor-version":[{"id":1337,"href":"https:\/\/www.pzlg.net\/wordpress\/wp-json\/wp\/v2\/pages\/105\/revisions\/1337"}],"wp:attachment":[{"href":"https:\/\/www.pzlg.net\/wordpress\/wp-json\/wp\/v2\/media?parent=105"}],"curies":[{"name":"wp","href":"https:\/\/api.w.org\/{rel}","templated":true}]}}